{"id":4394,"date":"2025-07-22T15:35:35","date_gmt":"2025-07-22T12:35:35","guid":{"rendered":"https:\/\/www.kadis.lt\/?page_id=4394"},"modified":"2025-07-22T15:35:50","modified_gmt":"2025-07-22T12:35:50","slug":"naujienos-2","status":"publish","type":"page","link":"https:\/\/www.kadis.lt\/?page_id=4394","title":{"rendered":"Naujienos"},"content":{"rendered":"\t\t<div data-elementor-type=\"wp-page\" data-elementor-id=\"4394\" class=\"elementor elementor-4394\" data-elementor-post-type=\"page\">\n\t\t\t\t<div class=\"elementor-element elementor-element-2f72c85 e-flex e-con-boxed e-con e-parent\" data-id=\"2f72c85\" data-element_type=\"container\">\n\t\t\t\t\t<div class=\"e-con-inner\">\n\t\t\t\t<div class=\"elementor-element elementor-element-abf432b elementor-widget elementor-widget-text-editor\" data-id=\"abf432b\" data-element_type=\"widget\" data-widget_type=\"text-editor.default\">\n\t\t\t\t\t\t\t\t\t<p style=\"text-align: center;\"><img fetchpriority=\"high\" decoding=\"async\" class=\"aligncenter size-large wp-image-4214\" src=\"https:\/\/www.kadis.lt\/wp-content\/uploads\/2020\/11\/Untitled-800x316.jpg\" alt=\"\" width=\"640\" height=\"253\" srcset=\"https:\/\/www.kadis.lt\/wp-content\/uploads\/2020\/11\/Untitled-800x316.jpg 800w, https:\/\/www.kadis.lt\/wp-content\/uploads\/2020\/11\/Untitled-899x355.jpg 899w, https:\/\/www.kadis.lt\/wp-content\/uploads\/2020\/11\/Untitled-768x303.jpg 768w, https:\/\/www.kadis.lt\/wp-content\/uploads\/2020\/11\/Untitled.jpg 952w\" sizes=\"(max-width: 640px) 100vw, 640px\" \/><strong>\u012eGYVENDINAMI PROJEKTAI<\/strong><\/p><p style=\"text-align: center;\"><strong>UAB \u201eKadis ir Ko\u201c eksporto skatinimo projektas<\/strong><\/p><p style=\"text-align: center;\"><strong>Projekto finansavimas<\/strong><strong>\u00a0<\/strong><\/p><p>Europos S\u0105jungos strukt\u016brini\u0173 fond\u0173 investicijosskiriamos pagal priemon\u0119 \u201eNaujos galimyb\u0117s LT\u201c.<\/p><p>Projekto \u012fgyvendinimo metu UAB \u201eKadis ir ko\u201c dalyvaus specializuotose med\u017eio apdirbimo parodose, Lenkijoje, Ukrainoje, Baltarusijoje, Rusijos federacijoje, kuri\u0173 metu bendrov\u0117s produkcija bus pristatyta potencialiems klientams, siekiant padidinti \u012fmon\u0117s eksporto apimtis.Projekto metu numatoma dalyvauti 8 tarptautin\u0117se parodose (Derevoobrabotka, Lesdrevmash ir pan.).<\/p><p>Bendra projekto vert\u0117 \u201382\u00a0164,00 EUR, ES fond\u0173 investicijos\u201341\u00a0082,00 EUR.<\/p><p style=\"text-align: center;\"><strong>Projekto tikslas<\/strong><\/p><p>Vykdomo projekto tikslas \u2013 didinti \u012fmon\u0117s pardavimus bei pl\u0117sti eksporto apimtis esamiems ir naujiems klientams. Produkcijos pristatymas tarptautin\u0117se parodose leid\u017eia parodyti save ir pristatyti gaminam\u0105 produkcij\u0105 kuo didesniam vartotoj\u0173 ratui, u\u017emegzti nauj\u0173 ry\u0161i\u0173 su potencialiais klientais. Parod\u0173 metu teikiamos konsultacijos, gaminami \u012frenginiai pristatomi potencialiems klientams.Tokiu b\u016bdu yra \u012fsigilinama \u012f medienos apdirbimo sektoriaus\u00a0 problemas bei u\u017emezgamas gilesnis kontaktas su b\u016bsimais pirk\u0117jais.<\/p><p>Projektas dalinai finansuojamas i\u0161 Europos regionin\u0117s pl\u0117tros fondo.<\/p><p style=\"text-align: center;\">2019-10-03<\/p><p style=\"text-align: center;\"><a href=\"https:\/\/www.kadis.lt\/wp-content\/uploads\/2015\/03\/L5T.jpg\"><img decoding=\"async\" class=\"aligncenter size-large wp-image-3916\" src=\"https:\/\/www.kadis.lt\/wp-content\/uploads\/2015\/03\/L5T-800x367.jpg\" alt=\"L5T\" width=\"640\" height=\"294\" srcset=\"https:\/\/www.kadis.lt\/wp-content\/uploads\/2015\/03\/L5T-800x367.jpg 800w, https:\/\/www.kadis.lt\/wp-content\/uploads\/2015\/03\/L5T-899x412.jpg 899w, https:\/\/www.kadis.lt\/wp-content\/uploads\/2015\/03\/L5T.jpg 1418w\" sizes=\"(max-width: 640px) 100vw, 640px\" \/><\/a><\/p><p style=\"text-align: center;\"><strong>\u012eGYVENDINTI PROJEKTAI<\/strong><\/p><p style=\"text-align: center;\"><strong>UAB \u201eKadis ir Ko\u201c \u017einomumo didinimas ir pardavim\u0173 eksporto rinkose skatinimas<\/strong><\/p><p style=\"text-align: center;\"><strong><b>Projekto finansavimas<br \/><\/b><\/strong>Europos S\u0105jungos strukt\u016brini\u0173 fond\u0173 investicijos skiriamos pagal priemon\u0119 \u201eNaujos galimyb\u0117s LT\u201c. Projekto \u012fgyvendinimo metu UAB \u201eKadis ir ko\u201c dalyvaus specializuotose med\u017eio apdirbimo parodose Baltarusijoje, Lenkijoje, Estijoje ir Rusijos federacijoje, kuri\u0173 metu bendrov\u0117s produkcija bus pristatyta potencialiems klientams, siekiant padidinti \u012fmon\u0117s eksporto apimtis. Bus dalyvaujama 7 tarptautin\u0117se parodose ( \u201eDerevoobrabotka\u201c, \u201eDrema\u201c ir pan.).<\/p><p style=\"text-align: center;\">Bendra projekto vert\u0117 \u2013 74 529,00 EUR, ES investicijos &#8211; 37 264,50 EUR.<br \/>Projekto prad\u017eia 2016 m. rugs\u0117jo 27 d.<br \/>Projekto pabaiga 2018 m. rugs\u0117jo 28 d.<\/p><p style=\"text-align: center;\"><strong>\u00a0 \u00a0 \u00a0 \u00a0 Projekto tikslas<\/strong><strong>\u00a0<\/strong><\/p><p style=\"text-align: center;\">Vykdomo projekto tikslas \u2013 didinti \u012fmon\u0117s pardavimus bei pl\u0117sti eksporto apimtis esamiems ir naujiems klientams. Produkcijos pristatymas tarptautin\u0117se parodose leid\u017eia parodyti save ir pristatyti gaminam\u0105 produkcij\u0105 kuo didesniam vartotoj\u0173 b\u016briui, u\u017emegzti nauj\u0173 ry\u0161i\u0173 su potencialiais klientais. Teikiant konsultacijas ir pristatin\u0117jant \u012frengimus, labiau \u012fsigilinama \u012f medienos apdirbimo problemas bei u\u017emezgamas gilesnis kontaktas su potencialiu pirk\u0117ju.<\/p><p style=\"text-align: center;\">Projektas dalinai finansuojamas i\u0161 Europos regionin\u0117s pl\u0117tros fondo.<\/p><hr \/><p style=\"text-align: center;\">2017-07-14<br \/><a href=\"https:\/\/www.kadis.lt\/wp-content\/uploads\/2015\/03\/logo_esf_cmyk-2_7.jpg\"><br \/><img decoding=\"async\" class=\" wp-image-3518 size-medium aligncenter\" src=\"https:\/\/www.kadis.lt\/wp-content\/uploads\/2015\/03\/logo_esf_cmyk-2_7-800x323.jpg\" alt=\"\" width=\"800\" height=\"323\" srcset=\"https:\/\/www.kadis.lt\/wp-content\/uploads\/2015\/03\/logo_esf_cmyk-2_7-800x323.jpg 800w, https:\/\/www.kadis.lt\/wp-content\/uploads\/2015\/03\/logo_esf_cmyk-2_7-899x363.jpg 899w, https:\/\/www.kadis.lt\/wp-content\/uploads\/2015\/03\/logo_esf_cmyk-2_7.jpg 1306w\" sizes=\"(max-width: 800px) 100vw, 800px\" \/><\/a><br \/><b>\u012eGYVENDINTI PROJEKTAI<\/b><\/p><p style=\"text-align: center;\">UAB \u201eKadis ir Ko\u201c \u017einomumo didinimui ir pardavim\u0173 eksporto rinkose skatinimui suteikta Europos S\u0105jungos parama.<br \/><b><br \/>Projekto finansavimas<\/b><br \/>\u0160i parama paskirta pagal Lietuvos 2007-2013 met\u0173 Europos S\u0105jungos strukt\u016brin\u0117s<br \/>paramos panaudojimo strategij\u0105, Ekonomikos augimo veiksni\u0173 programos priemon\u0119 \u201eNaujos galimyb\u0117s\u201c.<\/p><p style=\"text-align: center;\">Projekto Nr. VP2-2.1-\u016aM-04-K-05-058, kurio bendra, vert\u0117 \u2013 105.979,00 Lt.(arba 30.693,64 \u20ac),<br \/>o ES strukt\u016brini\u0173 fond\u0173 parama siekia 63.587,00 Lt (arba 18.416,07 \u20ac).<br \/>Projekto prad\u017eia 2014 m. rugs\u0117jo m\u0117n.<br \/>Projekto pabaiga 2014 m. gruod\u017eio m\u0117n.<br \/><b><br \/>Projekto tikslas<br \/><\/b>Parama yra panaudota dalyvavimui u\u017esienio parodose<br \/>atitinkan\u010diose m\u016bs\u0173 gaminam\u0173 gamini\u0173 specifik\u0105.<\/p><p style=\"text-align: center;\">Produkcijos pristatymas tarptautin\u0117se parodose leid\u017eia parodyti save ir pristatyti gaminam\u0105 produkcij\u0105 kuo didesniam vartotoj\u0173 b\u016briui, u\u017emegzti nauj\u0173 ry\u0161i\u0173 su potencialiais klientais. Teikiant konsultacijas ir pristatin\u0117jant \u012frengimus, labiau \u012fsigilinama \u012f medienos apdirbimo problemas bei u\u017emezgamas gilesnis kontaktas su potencialiu pirk\u0117ju.<\/p><p style=\"text-align: center;\">Tikim\u0117s, kad dalyvavimas parodose padidins m\u016bs\u0173 eksporto apimt\u012f.<\/p><hr \/><p style=\"text-align: center;\">2015-03-18<\/p>\t\t\t\t\t\t\t\t<\/div>\n\t\t\t\t\t<\/div>\n\t\t\t\t<\/div>\n\t\t\t\t<\/div>\n\t\t","protected":false},"excerpt":{"rendered":"<p>\u012eGYVENDINAMI PROJEKTAI UAB \u201eKadis ir Ko\u201c eksporto skatinimo projektas Projekto finansavimas\u00a0 Europos S\u0105jungos strukt\u016brini\u0173 fond\u0173 investicijosskiriamos pagal priemon\u0119 \u201eNaujos galimyb\u0117s LT\u201c. Projekto \u012fgyvendinimo metu UAB \u201eKadis ir ko\u201c dalyvaus specializuotose med\u017eio apdirbimo parodose, Lenkijoje, Ukrainoje, Baltarusijoje, Rusijos federacijoje, kuri\u0173 metu bendrov\u0117s produkcija bus pristatyta potencialiems klientams, siekiant padidinti \u012fmon\u0117s eksporto apimtis.Projekto metu numatoma dalyvauti 8&#8230;  <a class=\"excerpt-read-more\" href=\"https:\/\/www.kadis.lt\/?page_id=4394\" title=\"Read Naujienos\">Read more &raquo;<\/a><\/p>\n","protected":false},"author":3,"featured_media":0,"parent":0,"menu_order":0,"comment_status":"closed","ping_status":"closed","template":"","meta":{"footnotes":""},"class_list":["post-4394","page","type-page","status-publish","hentry"],"_links":{"self":[{"href":"https:\/\/www.kadis.lt\/index.php?rest_route=\/wp\/v2\/pages\/4394"}],"collection":[{"href":"https:\/\/www.kadis.lt\/index.php?rest_route=\/wp\/v2\/pages"}],"about":[{"href":"https:\/\/www.kadis.lt\/index.php?rest_route=\/wp\/v2\/types\/page"}],"author":[{"embeddable":true,"href":"https:\/\/www.kadis.lt\/index.php?rest_route=\/wp\/v2\/users\/3"}],"replies":[{"embeddable":true,"href":"https:\/\/www.kadis.lt\/index.php?rest_route=%2Fwp%2Fv2%2Fcomments&post=4394"}],"version-history":[{"count":4,"href":"https:\/\/www.kadis.lt\/index.php?rest_route=\/wp\/v2\/pages\/4394\/revisions"}],"predecessor-version":[{"id":4397,"href":"https:\/\/www.kadis.lt\/index.php?rest_route=\/wp\/v2\/pages\/4394\/revisions\/4397"}],"wp:attachment":[{"href":"https:\/\/www.kadis.lt\/index.php?rest_route=%2Fwp%2Fv2%2Fmedia&parent=4394"}],"curies":[{"name":"wp","href":"https:\/\/api.w.org\/{rel}","templated":true}]}}